14.
787
Convert -203 (base 6) to base 5.
-300
What is -2211 (base 9) in base 11?
-1252
Convert 66 (base 12) to base 7.
141
Convert -110220 (base 3) to base 13.
-20a
Convert 3557 (base 9) to base 3.
10121221
What is -2023 (base 5) in base 8?
-407
Convert -e0 (base 16) to base 4.
-3200
What is 1314 (base 6) in base 9?
411
What is -1414 (base 7) in base 16?
-226
Convert -56ac (base 13) to base 2.
-10111101101101
What is -100101001110110 (base 2) in base 13?
-88a4
What is 24007 (base 8) in base 5?
311442
761 (base 9) to base 2
1001101110
1249 (base 13) to base 5
40341
Convert -11d (base 14) to base 5.
-1343
Convert -1101100 (base 2) to base 5.
-413
7b3a (base 15) to base 4
12120223
What is ede (base 15) in base 4?
310133
Convert -101111000 (base 2) to base 7.
-1045
Convert -452 (base 7) to base 15.
-108
-70 (base 12) to base 8
-124
-2140010 (base 5) to base 9
-55527
What is -29b (base 12) in base 5?
-3112
-aa6 (base 14) to base 13
-c60
Convert 1412 (base 15) to base 3.
12212222
Convert 125 (base 15) to base 11.
217
Convert -4856 (base 12) to base 6.
-101350
Convert 22111211 (base 3) to base 15.
1c8a
What is -1010011111 (base 2) in base 15?
-2eb
Convert -11031012 (base 4) to base 15.
-64b3
97 (base 15) to base 3
12021
Convert 340152 (base 7) to base 4.
32223033
10332 (base 4) to base 11
26a
Convert 2728 (base 9) to base 16.
803
1526 (base 15) to base 13
20ac
112200 (base 3) to base 6
1500
4b (base 13) to base 7
120
Convert -145133 (base 6) to base 12.
-81a9
Convert -b86 (base 14) to base 13.
-105c
-235444 (base 6) to base 8
-50324
What is 1121233 (base 4) in base 11?
4351
What is c51 (base 16) in base 2?
110001010001
5513 (base 11) to base 16
1c6a
What is 21e (base 15) in base 11?
3a6
What is 7b (base 12) in base 6?
235
What is 1110212211 (base 3) in base 6?
342334
-120112002 (base 3) to base 7
-44663
Convert -20702 (base 11) to base 3.
-1112022222
What is 34025 (base 6) in base 16?
12a1
What is 32133 (base 5) in base 10?
2168
Convert -3345 (base 6) to base 12.
-555
5aa1 (base 13) to base 16
3206
Convert 512 (base 9) to base 13.
260
What is 3713 (base 10) in base 14?
14d3
Convert 23010 (base 4) to base 14.
388
What is 396 (base 15) in base 6?
3440
What is -9896 (base 13) in base 6?
-242212
What is -10424 (base 6) in base 10?
-1456
Convert -23778 (base 11) to base 4.
-20112133
Convert 1002134 (base 5) to base 16.
3e2f
13223302 (base 4) to base 13
11431
-33020 (base 5) to base 13
-104b
Convert -10360 (base 8) to base 4.
-1003300
What is 16623 (base 8) in base 15?
239b
What is -31233100 (base 4) in base 7?
-323026
Convert 675b (base 12) to base 16.
2cb7
-3546 (base 8) to base 12
-111a
What is -1212 (base 5) in base 10?
-182
Convert -b3a (base 13) to base 4.
-131310
-3024 (base 5) to base 8
-605
Convert -a3d (base 16) to base 9.
-3532
What is 872 (base 12) in base 4?
103112
Convert 53200 (base 6) to base 14.
28a4
What is -1457 (base 8) in base 9?
-1105
What is 1a (base 15) in base 10?
25
What is -105 (base 9) in base 3?
-10012
What is -11641 (base 8) in base 7?
-20436
What is -10143 (base 11) in base 6?
-152321
1fa (base 16) to base 4
13322
-1111001111100 (base 2) to base 12
-4624
Convert -2660 (base 9) to base 8.
-3716
Convert 1121 (base 8) to base 10.
593
-300141 (base 5) to base 12
-5551
Convert 11000010000111 (base 2) to base 3.
122001010
Convert 72ab (base 16) to base 2.
111001010101011
What is -111000011010101 (base 2) in base 6?
-341421
2355 (base 7) to base 9
1170
Convert -10405 (base 7) to base 3.
-10120101
10110111100001 (base 2) to base 3
121010000
11232 (base 6) to base 10
1604
1241440 (base 5) to base 13
b28b
What is -102030 (base 4) in base 9?
-1533
-103aa (base 15) to base 4
-30210010
-13031 (base 4) to base 13
-296
What is -4ed1 (base 15) in base 16?
-41ce
2120 (base 7) to base 2
1011101101
What is -43314 (base 6) in base 7?
-23230
357 (base 16) to base 15
3c0
-7207 (base 14) to base 7
-111110
1a45 (base 13) to base 11
2a66
-1085c (base 15) to base 12
-26480
1058a (base 13) to base 5
1421040
41043 (base 5) to base 6
20132
Convert -2658 (base 10) to base 6.
-20150
What is ba (base 13) in base 16?
99
Convert -11000111010110 (base 2) to base 11.
-9649
What is 213 (base 9) in base 16?
ae
What is 1645 (base 7) in base 6?
3034
-127 (base 13) to base 7
-406
What is -1628b (base 12) in base 2?
-111101100001011
Convert 12532 (base 7) to base 12.
1b37
a493 (base 14) to base 7
145443
-1694 (base 14) to base 8
-7722
What is 31c2 (base 13) in base 15?
20b3
What is -223 (base 12) in base 10?
-315
What is -6d0 (base 15) in base 7?
-4335
Convert -21211 (base 3) to base 14.
-111
1012324 (base 5) to base 2
100000011001101
What is -189 (base 11) in base 4?
-3122
Convert -1670 (base 8) to base 5.
-12302
Convert 3424 (base 5) to base 4.
13221
What is -53 (base 7) in base 16?
-26
What is 10011012001 (base 3) in base 16?
f295
Convert 566 (base 13) to base 4.
32201
Convert -12140 (base 5) to base 4.
-32120
Convert -526 (base 10) to base 5.
-4101
What is 19 (base 11) in base 9?
22
Convert -1965 (base 14) to base 15.
-1567
-22032231 (base 4) to base 13
-160c2
112001 (base 4) to base 3
1221012
16148 (base 10) to base 5
1004043
Convert 7959 (base 15) to base 16.
6486
Convert 664 (base 8) to base 5.
3221
100111101001 (base 2) to base 10
2537
Convert -3023122 (base 4) to base 7.
-52645
What is 9894 (base 11) in base 8?
31372
Convert -171430 (base 8) to base 9.
-104326
10302 (base 12) to base 3
1002001002
Convert 532 (base 15) to base 3.
1121102
-b92 (base 12) to base 7
-4640
12227 (base 10) to base 3
121202212
What is 4861 (base 9) in base 2?
111000100011
20 (base 11) to base 2
10110
Convert 197 (base 10) to base 15.
d2
What is -40005 (base 6) in base 10?
-5189
Convert -142331 (base 5) to base 6.
-43342
-5 (base 14) to base 7
-5
What is -1010110111 (base 2) in base 3?
-221202
Convert -340042 (base 6) to base 11.
-1a494
What is -2e (base 16) in base 5?
-141
2832 (base 13) to base 11
4391
-111312 (base 5) to base 4
-331311
What is 94 (base 16) in base 6?
404
What is 3296 (base 11) in base 4?
1003310
What is 10111000 (base 2) in base 3?
20211
4192 (base 15) to base 12
8032
Convert 220211 (base 4) to base 9.
3505
Convert -100000 (base 2) to base 13.
-26
What is -c3c5 (base 15) in base 11?
-29090
Convert -dc5 (base 16) to base 12.
-2059
What is -3202233 (base 4) in base 16?
-38af
What is 36135 (base 10) in base 7?
210231
Convert -21210101 (base 3) to base 5.
-140210
Convert 2a3 (base 12) to base 14.
215
134521 (base 7) to base 9
38151
Convert 1740c (base 13) to base 11.
30591
Convert -1133 (base 5) to base 4.
-2220
37421 (base 8) to base 10
16145
What is -21310010 (base 4) in base 16?
-9d04
Convert 1000 (base 7) to base 4.
11113
Convert 56413 (base 8) to base 9.
35605
Convert -24713 (base 8) to base 12.
-6237
-12201020 (base 3) to base 13
-1b84
Convert -4141 (base 6) to base 13.
-562
What is -1662 (base 13) in base 10?
-3291
-1101 (base 5) to base 10
-151
12554 (base 14) to base 11
30861
330b5 (base 12) to base 3
10102122002
Convert -69 (base 14) to base 8.
-135
Convert -4c0 (base 14) to base 11.
-796
100231 (base 4) to base 14
565
What is -623 (base 11) in base 15?
-351
What is 592 (base 11) in base 9?
864
What is 1116 (base 10) in base 3?
1112100
Convert 1321a (base 13) to base 2.
1000101010111001
1100 (base 2) to base 11
11
101 (base 14) to base 12
145
Convert -2ef (base 16) to base 5.
-11001
What is -150e (base 16) in base 2?
-1010100001110
-36 (base 9) to base 4
-201
Convert 143a (base 15) to base 9.
5841
-100122 (base 3) to base 2
-100000100
Convert -b32 (base 12) to base 2.
-11001010110
What is -1a976 (base 12) in base 3?
-2000001100
1b451 (base 12) to base 9
61347
1352 (base 6) to base 11
2a4
-654 (base 9) to base 11
-447
Convert 15233 (base 6) to base 2.
100110100101
Convert -111a (base 12) to base 9.
-2534
Convert -2748 (base 10) to base 12.
-1710
What is 101100000 (base 2) in base 14?
1b2
What is -22a80 (base 11) in base 3?
-1200121012
-2220112 (base 3) to base 2
-100001001000
What is 526 (base 9) in base 8?
655
-67 (base 10) to base 11
-61
-10422 (base 6) to base 13
-87b
Convert 26447 (base 8) to base 4.
2310213
What is 10333 (base 4) in base 2?
100111111
Convert 200210 (base 3) to base 8.
773
Convert -13313 (base 4) to base 3.
-200122
Convert 3a8 (base 